15 = -s - 5*x. Let v(w) = -w**2 + 4*w + 3. Give v(s).
3
Let p(o) = -1 - 5*o - 5 + 2 + 4*o**2 - 6*o**2. Determine p(-5).
-29
Let l(s) = -s**2 + 5*s - 3. Suppose 0 = -a + 36 - 32. Give l(a).
1
Let m(y) = -3*y**3 - y**2 + 1. Let x be m(-1). Let n(s) be the first derivative of s**4/4 - 5*s**3/3 + 2*s**2 + s - 1. Calculate n(x).
-5
Let m(l) = l - 10. Let a = -54 - -59. What is m(a)?
-5
Let r be (-55)/(-20) + (-9)/12. Let z(k) = 2*k**3 - 2*k**2 - k - 2. Give z(r).
4
Let j(r) = 6*r**3 + r**2 - r - 1. Suppose 2*c - 3*q = -11, -7 = c - 3*c - 3*q. What is j(c)?
-5
Let q = -4 + 7. Let y(w) = -4*w - 1 - w**2 + 3 + q. Suppose -5 = -0*s + s. What is y(s)?
0
Let c(u) = -u + 6. Let q be c(9). Let f(p) = 5*p + 1. What is f(q)?
-14
Suppose -2*z = -0*z - 3*i + 2, 19 = -5*z + 4*i. Let u(v) = -3*v + 1. Determine u(z).
22
Let v(m) = 7*m + 4. Let a(k) = 8*k + 4. Let h(l) = 2*a(l) - 3*v(l). Suppose -3*u = 24 - 6. Let y(t) = -3*t - 2. Let d(g) = u*h(g) + 11*y(g). Calculate d(3).
-7
Let d be 2/9 + 76/(-18). Let i(n) = -n**2 + 103*n - 3 - 57*n - 52*n. Give i(d).
5
Suppose 47 = -8*o + 7. Suppose 2*m - 1 = 3. Let j(a) = a**m - a + 5*a + 2*a + 6. What is j(o)?
1
Suppose -16 = -3*s + 2. Suppose 3*f = -s + 9. Let r(g) = -10*g**2 + g. What is r(f)?
-9
Suppose 20 = -4*i - i. Let y(q) = q**3 + 4*q**2 - q + 1. Determine y(i).
5
Let u be -6*(3 + -4) - -3. Let o(f) = 5*f**2 - f**2 + u + f - 8. Determine o(-1).
4
Let w(n) = 4*n + 3. Suppose 0 = -4*y - 5*f - 13, -2*y - 6 - 3 = 5*f. Calculate w(y).
-5
Let f(m) = -m**3 + 5*m**2 + 7*m - 6. Suppose 0 = 3*c - 3*z + 6 + 6, 0 = z - 4. Let u = -10 + c. Let o be 1 - 3 - u - 2. What is f(o)?
0
Let w(f) = f**3 - 3*f - 4. Let p be (4/(-12))/(1/(-9)). Determine w(p).
14
Suppose -2*i = -5*k + 3*i - 105, -4*k - 4*i = 52. Let u = -20 - k. Let h(s) = 2*s**2 + 4*s + 4. What is h(u)?
10
Let l(o) be the third derivative of -o**4/12 - 2*o**3/3 - o**2. Let v(a) = -5*a + 5*a - 2*a + 5. Let s be v(5). Calculate l(s).
6
Let k(v) = -v**3 + 8*v**2 - v + 9. Let s be k(8). Let i be 1/(-5) + s/5. Let y(o) = -2*o + i + 1 + 1. Determine y(3).
-4
Let t(b) = b + 2. Suppose g = 5*g + 8. Let d = g + 1. Let c = d - 3. Give t(c).
-2
Let u(t) = 3 + 108*t**2 - 53*t**2 - t**3 - 57*t**2. What is u(-3)?
12
Let m = 6 - 14. Let d = 6 + m. Let l(z) = -z**2 - z - 2. What is l(d)?
-4
Let g(o) be the first derivative of 0*o**2 - 4 + 1/3*o**3 - 5*o. Determine g(-4).
11
Suppose 3*f + 17 = 2*y, 2*y - 4*y - 2*f = -2. Let s(m) = -y - m - m + 2. Let j be (-3)/6 + (-10)/4. What is s(j)?
4
Let r be -2 - (-18 - 3 - -3). Suppose 1 = 3*i + r. Let s(q) be the second derivative of -q**4/12 - 2*q**3/3 - q**2 - q. Determine s(i).
-7
Let x(i) = i - 8. Let h = -2 - 2. Let m = h + 8. Determine x(m).
-4
Let f(i) = i**2. Let l(b) = 11*b + 4. Let m(u) = f(u) + l(u). Determine m(-11).
4
Let g be (-1 - 2) + (9 - 4). Let l(j) = -j + j**3 + 3*j**g + 3 + j - 4 - j. What is l(-3)?
2
Let k(x) be the second derivative of -x**5/30 - x**4/6 - x**3/3 + 5*x**2/2 - 5*x. Let s(g) be the first derivative of k(g). Calculate s(-2).
-2
Let a(j) = -j - 2. Let o be a(-4). Let d(r) = o - 4 + 2*r + 1 - 4*r. Determine d(1).
-3
Let j(n) = 13*n**3 + 6*n + 6. Let h be j(-1). Let p(r) = r**2 + 13*r + 5. What is p(h)?
5
Let p(y) = y**3 + 2*y**2 + 2*y + 2. Suppose -34 = 7*h - 13. Give p(h).
-13
Let m(a) = 3*a**2 + 5*a + 11. Let y(i) = -i**2 - 1. Let v(s) = m(s) + 4*y(s). What is v(5)?
7
Let t be ((-12)/(-18))/(1/(-3)). Let p = t - -8. Let q be (3/p)/((-1)/10). Let x(z) = -z - 5. Determine x(q).
0
Let x(y) = 6*y. Let g = -11 + 10. Give x(g).
-6
Let z(j) = j + 2. Let b = -143 + 138. Calculate z(b).
-3
Let s(o) be the third derivative of -o**5/60 + o**3/2 + 7*o**2. Determine s(-3).
-6
Suppose -9 = -3*i + 2*m, -3*m + 32 = 4*i + m. Let j = -1 + i. Let c(z) = z**3 - 3*z**2 - 4*z. What is c(j)?
0
Suppose -3*b - 8 = -b. Let o(k) = -8*k - 4. Let h(v) = -10*v - 7. Let r(u) = -u - 1. Let l(w) = h(w) - 3*r(w). Let m(i) = -6*l(i) + 5*o(i). What is m(b)?
-4
Let t(a) = a**2 + 5*a - 3. Suppose 2*w = -2*w - 16. What is t(w)?
-7
Suppose -2*n + 30 = -7*n. Let u(w) = w**3 + 12*w**2 - 6*w - 8. Let g(b) = b**3 + 11*b**2 - 5*b - 7. Let f(q) = 6*g(q) - 5*u(q). Give f(n).
-2
Let v(r) = -3*r**2 + 2*r - 1. Suppose n - 2*n - 3 = 3*x, -5*x - 45 = -5*n. Let g be n*6*(-3)/(-12). Suppose -5 + g = 4*c. Give v(c).
-2
Let z(g) = -g**2 - 8*g - 5. Let y(m) = 5*m**3 + 11*m**2 + m - 1. Let v(c) = 6*c**3 + 12*c**2 + 2*c - 1. Let t(u) = -6*v(u) + 7*y(u). Let o be t(4). Give z(o).
10
Let s(u) = -2*u**2 - 4*u - 2. Let i = 13 - 13. Let k be -1 - (1 + i/(-4)). Determine s(k).
-2
Let j(u) = u**3 - 2*u**2 - 3*u + 3. Let d be ((-3)/(-6))/(-1)*-6. Let l = d + -1. Calculate j(l).
-3
Let v(j) = 5*j**2 - 4*j - 1. Let c(q) = 6*q**2 - 4*q - 1. Let p(u) = 4*c(u) - 5*v(u). Give p(6).
-11
Let c(p) be the second derivative of -p**5/20 - 5*p**4/12 + p**3/3 + 2*p**2 + 3*p. Let a be c(-5). Let u(l) = -l**2 - 4*l + 8. Calculate u(a).
-4
Let t be 44/6 + (-4)/(-6). Let z be t/(-3)*9/(-4). Let h = z + -5. Let a(b) = 7*b. Give a(h).
7
Suppose -5*j = -0*j - 20, q - 3*j + 3 = 0. Let n(i) = -i - q*i**2 + 8*i**2 - 2*i + 7*i. Give n(3).
3
Let s(x) = 3*x + 2. Let z(d) = 6*d + 1. Let b(n) = n + 5. Let t be b(-6). Let p be z(t). Give s(p).
-13
Let v(q) = q**3 - 5*q**2 - q + 2. Let l be v(5). Let m be 4/6 - 4/l. Let g(p) = -2*p + 1 + m*p**2 + 3*p**2 - 4*p**2. Give g(1).
0
Let j(s) = -2*s**2 - 1. Let q be 2*(-2 + (1 - 0)). Let m(n) = -n**2 - 4*n - 3. Let h be m(q). What is j(h)?
-3
Let b(a) = -6*a + 7. Let w(k) be the second derivative of 5*k**3/6 - 3*k**2 + k. Let i(s) = 4*b(s) + 5*w(s). Give i(0).
-2
Let w(p) be the first derivative of -p**7/840 - p**6/120 - p**4/6 + 7*p**3/3 - 10. Let v(y) be the third derivative of w(y). Calculate v(-4).
12
Suppose 3*q - 4*o = -11, 6*q - 7*q = -3*o + 7. Let c(k) = 2*k**3 - k**2 - 2*k - 1. What is c(q)?
-2
Suppose 5*z - 9 = 1. Let k(j) = -j**3 - 6*j**2 + 6*j - 7. Let y be k(-7). Let t(g) = y + 2*g + g**2 - z + g**2 - 2*g**3. Give t(2).
-6
Let z = 0 + 5. Let a(m) be the second derivative of m**4/12 - m**3 + 7*m**2/2 - 2*m. Calculate a(z).
2
Let w(i) = i**2 - 2. Let q(l) = l**2 + 7*l - 18. Let n be q(-9). Determine w(n).
-2
Let l(k) = -k**3 - 3*k**2 - k + 5. Let g(w) = -w**3 - 3*w**2 + 5. Let u(a) = 6*g(a) - 5*l(a). What is u(-4)?
1
Let u(j) = j - 6. Let t be u(8). Let m(c) = -t*c - 4*c**3 + 1 + 0*c**2 + 4*c**2 - 2*c**2. Let z(l) = l + 9. Let k be z(-8). Give m(k).
-3
Let i = -5 + 2. Let x(z) = 5*z**3 + z**2 + 3*z - 17. Let c(r) = -2*r**3 - r + 6. Let w(a) = i*x(a) - 8*c(a). Give w(3).
0
Let y(b) = -6*b**2 - b - 1. Suppose -3*a = -9 - 6. Let o = 4 - a. What is y(o)?
-6
Let i(q) = -q**3 - 3*q**2 + q + 4. Let b(c) = 3*c**3 + 7*c**2 - 2*c - 8. Let a(k) = -2*b(k) - 5*i(k). Let m = -13 + 42. Let g = m + -29. Calculate a(g).
-4
Let g be (-7 - -1)/(3/2). Let w(h) = -h**3 - 5*h**2 - h - 1. What is w(g)?
-13
Let r be 6/(-18)*(0 - 15). Let f(a) = -a + 1. Calculate f(r).
-4
Let l(o) = o**3 + o**2 - o + 1. Let r(u) = 6*u**3 + 8*u**2 - 7*u + 10. Suppose -6*g - 1 - 29 = 0. Let x(h) = g*l(h) + r(h). Calculate x(-4).
-3
Let t(i) = i**2 - i + 1. Let l(y) = -4*y**2 + 11*y - 10. Let f(h) = -l(h) - 5*t(h). Calculate f(-6).
5
Let z(o) be the third derivative of 0*o**3 - 1/24*o**4 - 1/20*o**5 + o**2 + 0 + 0*o. Suppose -5*d + 1 = -4. Give z(d).
-4
Let w(y) be the second derivative of -y**8/6720 + y**7/1260 + y**6/360 + y**5/60 + y**4/4 + 4*y. Let v(j) be the third derivative of w(j). Give v(3).
-1
Suppose 4*m - 9 - 11 = 0. Suppose 5*d - 3 = 27. Suppose -m*y = -3*y + d. Let r(h) = h + 3. Calculate r(y).
0
Let x(i) = i**2. Let c(a) = 9*a**2 - 15*a + 2. Let q(k) = 4*k**2 - 7*k + 1. Let g(z) = 6*c(z) - 13*q(z). Let m(f) = -2*g(f) + 6*x(f). Determine m(2).
6
Let f(z) be the first derivative of -z**3/3 + 3*z**2/2 + 4*z + 78. Suppose 0 = 3*l + l - 20. Determine f(l).
-6
Let y(q) = q + 2. Let f be y(3). Suppose -f*n + 13 = 3. Suppose n*l - 24 = 5*v, -2*l = -l - 2*v - 10. Let s(z) = z**2. Give s(l).
4
Let w(q) = q**2 + 6*q - 3. Suppose 0 = 38*t - 33*t + 15. What is w(t)?
-12
Let h = 8 - 5. Let r(l) be the first derivative of 3*l + 1/4*l**4 - 5/3*l**h + 3 - 3*l**2. Give r(6).
3
Let z(f) be the third derivative of -f**9/60480 - f**8/5040 - f**6/720 + f**5/20 - f**2. Let r(p) be the third derivative